nder when 60008 is divided by 14934?
272
Calculate the remainder when 34541 is divided by 1329.
1316
What is the remainder when 2129 is divided by 4?
1
Calculate the remainder when 2284 is divided by 1126.
32
What is the remainder when 1218 is divided by 342?
192
What is the remainder when 638593 is divided by 11?
10
What is the remainder when 2153 is divided by 41?
21
Calculate the remainder when 10181 is divided by 1761.
1376
What is the remainder when 4825 is divided by 689?
2
Calculate the remainder when 4632 is divided by 117.
69
Calculate the remainder when 248754 is divided by 14632.
10
Calculate the remainder when 1352 is divided by 674.
4
Calculate the remainder when 62763 is divided by 11.
8
Calculate the remainder when 134309 is divided by 8.
5
Calculate the remainder when 38390 is divided by 65.
40
What is the remainder when 60052 is divided by 1765?
42
What is the remainder when 57450 is divided by 12?
6
Calculate the remainder when 130466 is divided by 14495.
11
What is the remainder when 7077 is divided by 10?
7
What is the remainder when 110007 is divided by 134?
127
Calculate the remainder when 4175 is divided by 791.
220
Calculate the remainder when 94995 is divided by 41.
39
Calculate the remainder when 35216 is divided by 1110.
806
What is the remainder when 421171 is divided by 9?
7
Calculate the remainder when 771621 is divided by 42.
39
What is the remainder when 3823 is divided by 1120?
463
What is the remainder when 289815 is divided by 136?
135
What is the remainder when 21296 is divided by 23?
21
What is the remainder when 92189 is divided by 35?
34
Calculate the remainder when 38076 is divided by 10.
6
Calculate the remainder when 298624 is divided by 59723.
9
Calculate the remainder when 243 is divided by 76.
15
Calculate the remainder when 93534 is divided by 858.
12
What is the remainder when 114055 is divided by 1408?
7
What is the remainder when 915270 is divided by 4?
2
Calculate the remainder when 128829 is divided by 33.
30
Calculate the remainder when 734 is divided by 76.
50
Calculate the remainder when 6534 is divided by 211.
204
What is the remainder when 381138 is divided by 127?
11
Calculate the remainder when 1356 is divided by 568.
220
What is the remainder when 9719 is divided by 938?
339
Calculate the remainder when 116 is divided by 116.
0
Calculate the remainder when 276778 is divided by 1.
0
What is the remainder when 2685 is divided by 2642?
43
What is the remainder when 41039 is divided by 36?
35
Calculate the remainder when 97566 is divided by 24391.
2
What is the remainder when 115308 is divided by 119?
116
Calculate the remainder when 1384 is divided by 261.
79
Calculate the remainder when 1552 is divided by 769.
14
Calculate the remainder when 18598 is divided by 4.
2
What is the remainder when 666 is divided by 6?
0
Calculate the remainder when 56827 is divided by 120.
67
What is the remainder when 2474995 is divided by 1024?
1011
What is the remainder when 207616 is divided by 69204?
4
Calculate the remainder when 8353 is divided by 437.
50
What is the remainder when 11815 is divided by 7?
6
What is the remainder when 2035 is divided by 76?
59
Calculate the remainder when 6376698 is divided by 1210.
1208
What is the remainder when 1589 is divided by 1109?
480
What is the remainder when 875 is divided by 235?
170
Calculate the remainder when 3098 is divided by 142.
116
What is the remainder when 3453706 is divided by 641?
639
What is the remainder when 2722 is divided by 2694?
28
What is the remainder when 24680 is divided by 17?
13
Calculate the remainder when 303 is divided by 16.
15
What is the remainder when 134398 is divided by 110?
88
Calculate the remainder when 5510 is divided by 2250.
1010
Calculate the remainder when 14463 is divided by 36.
27
What is the remainder when 88175 is divided by 29388?
11
Calculate the remainder when 414670 is divided by 225.
220
Calculate the remainder when 68794 is divided by 172.
166
Calculate the remainder when 1561 is divided by 168.
49
What is the remainder when 71988 is divided by 167?
11
What is the remainder when 504299 is divided by 150?
149
What is the remainder when 30273 is divided by 58?
55
What is the remainder when 20324 is divided by 132?
128
What is the remainder when 135766 is divided by 141?
124
What is the remainder when 1727 is divided by 344?
7
What is the remainder when 13724 is divided by 529?
499
Calculate the remainder when 6365 is divided by 392.
93
What is the remainder when 14021 is divided by 934?
11
Calculate the remainder when 6334 is divided by 6.
4
What is the remainder when 306106 is divided by 396?
394
What is the remainder when 3374657 is divided by 62?
59
Calculate the remainder when 57439 is divided by 14353.
27
Calculate the remainder when 104779 is divided by 95.
89
What is the remainder when 22043 is divided by 3?
2
Calculate the remainder when 39939 is divided by 1426.
11
Calculate the remainder when 1878220 is divided by 307.
301
What is the remainder when 79166 is divided by 39?
35
What is the remainder when 4815 is divided by 146?
143
What is the remainder when 479 is divided by 112?
31
Calculate the remainder when 13565 is divided by 293.
87
Calculate the remainder when 73267 is divided by 73253.
14
What is the remainder when 9237 is divided by 151?
26
What is the remainder when 50785 is divided by 12662?
137
What is the remainder when 307257 is divided by 472?
457
Calculate the remainder when 1225 is divided by 496.
233
Calculate the remainder when 603668 is divided by 530.
528
Calculate the remainder when 164918 is divided by 613.
21
Calculate the remainder when 78212 is divided by 23.
12
Calculate the remainder when 328 is divided by 146.
36
What is the remainder when 8183 is divided by 1377?
1298
Calculate the remainder when 249639 is divided by 66.
27
Calculate the remainder when 2469 is divided by 644.
537
What is the remainder when 97 is divided by 24?
1
Calculate the remainder when 311 is divided by 12.
11
Calculate the remainder when 1519 is divided by 755.
9
What is the remainder when 3341022 is divided by 279?
276
What is the remainder when 554716 is divided by 184905?
1
Calculate the remainder when 1382545 is divided by 28803.
1
Calculate the remainder when 6531 is divided by 1628.
19
Calculate the remainder when 89 is divided by 73.
16
What is the remainder when 2533 is divided by 273?
76
Calculate the remainder when 185018 is divided by 185014.
4
Calculate the remainder when 3744 is divided by 1792.
160
What is the remainder when 199651 is divided by 564?
559
What is the remainder when 54888 is divided by 55?
53
Calculate the remainder when 27238 is divided by 425.
38
Calculate the remainder when 149327 is divided by 229.
19
What is the remainder when 4171 is divided by 1288?
307
What is the remainder when 1976310 is divided by 141165?
0
Calculate the remainder when 163051 is divided by 11.
9
Calculate the remainder when 4354 is divided by 484.
482
Calculate the remainder when 2907 is divided by 568.
67
Calculate the remainder when 50562 is divided by 289.
276
Calculate the remainder when 25838 is divided by 808.
790
What is the remainder when 4532 is divided by 2248?
36
Calculate the remainder when 97072 is divided by 18.
16
Calculate the remainder when 15078 is divided by 3356.
1654
What is the remainder when 27203 is divided by 61?
58
Calculate the remainder when 5413 is divided by 1073.
48
What is the remainder when 16254 is divided by 8077?
100
What is the remainder when 6544 is divided by 1020?
424
Calculate the remainder when 640690 is divided by 430.
420
What is the remainder when 75588 is divided by 65?
58
What is the remainder when 4309 is divided by 6?
1
What is the remainder when 2792 is divided by 2765?
27
What is the remainder when 433415 is divided by 38?
25
Calculate the remainder when 133508 is divided by 171.
128
What is the remainder when 86192 is divided by 3?
2
What is the remainder when 13626 is divided by 140?
46
What is the remainder when 584 is divided by 40?
24
What is the remainder when 634795 is divided by 859?
853
What is the remainder when 56825 is divided by 1495?
15
Calculate the remainder when 618500 is divided by 39.
38
Calculate the remainder when 312